228242809 a prime number?
True
Is 11634011 prime?
True
Is 35309863 composite?
False
Is 4407341 prime?
False
Is 240010859 prime?
False
Is 6426349 a prime number?
True
Is 269187361 prime?
True
Is 1346419 a composite number?
False
Is 1532351 a prime number?
True
Is 113257 composite?
True
Is 3947341 a composite number?
True
Is 171749117 a composite number?
False
Is 151943641 a composite number?
True
Is 7596815 prime?
False
Is 234352247 a composite number?
False
Is 119125087 a composite number?
True
Is 27801973 prime?
True
Is 531395863 a composite number?
False
Is 191413 composite?
False
Is 316754065 prime?
False
Is 18795919 composite?
False
Is 60623713 a prime number?
True
Is 95846557 a composite number?
False
Is 928835 prime?
False
Is 139831 composite?
False
Is 51614257 composite?
True
Is 16797943 prime?
True
Is 32633551 composite?
False
Is 23199389 prime?
True
Is 7428737 prime?
True
Is 2752447 a composite number?
False
Is 7844141 a composite number?
False
Is 3112223 a prime number?
False
Is 15404429 prime?
False
Is 250698809 prime?
False
Is 55634665 prime?
False
Is 1038881 composite?
False
Is 6458047 a prime number?
False
Is 7824053 prime?
True
Is 486736303 a prime number?
False
Is 3005599 prime?
True
Is 38847109 composite?
True
Is 3363959 composite?
False
Is 382229 composite?
False
Is 30798317 composite?
True
Is 125081167 a prime number?
True
Is 2468897 a prime number?
False
Is 61864237 a prime number?
True
Is 9474529 prime?
False
Is 4098667 prime?
False
Is 30626317 a composite number?
True
Is 102106787 a prime number?
True
Is 147047 a prime number?
True
Is 92611 prime?
False
Is 393240877 a composite number?
False
Is 1965569 prime?
False
Is 10506071 composite?
True
Is 719449 composite?
True
Is 4644209 composite?
False
Is 54701833 composite?
False
Is 51275617 prime?
False
Is 28451129 a composite number?
True
Is 1966241 a composite number?
False
Is 17192107 a prime number?
True
Is 617189 prime?
True
Is 80693077 a prime number?
True
Is 1461217 composite?
True
Is 19055047 composite?
True
Is 1031579 prime?
False
Is 245378227 a composite number?
True
Is 50348657 composite?
True
Is 11071421 composite?
False
Is 118277485 composite?
True
Is 234769 a composite number?
False
Is 124436891 a composite number?
False
Is 73527977 a prime number?
False
Is 978293 composite?
True
Is 139796893 prime?
True
Is 2640683 a prime number?
True
Is 12453439 a composite number?
False
Is 2310677 a composite number?
False
Is 185020337 a prime number?
False
Is 1473737 a composite number?
False
Is 24138053 prime?
False
Is 598801417 a composite number?
False
Is 547388887 a composite number?
False
Is 18429973 composite?
False
Is 340487179 prime?
False
Is 270152819 a prime number?
False
Is 623287339 a composite number?
False
Is 9700511 a composite number?
False
Is 5777481 a composite number?
True
Is 187861 composite?
False
Is 237705121 prime?
False
Is 4814683 a composite number?
False
Is 916441 composite?
False
Is 17974067 prime?
True
Is 58357249 prime?
False
Is 475213 prime?
False
Is 1580603 a composite number?
True
Is 270397 a composite number?
True
Is 567999317 prime?
True
Is 106476823 composite?
False
Is 237581 composite?
False
Is 1682687 a composite number?
True
Is 13377269 prime?
False
Is 16900943 composite?
True
Is 900961 a composite number?
True
Is 3099391 a prime number?
True
Is 2255041 prime?
False
Is 484991339 a prime number?
False
Is 12552433 prime?
True
Is 44038769 prime?
False
Is 461217839 a prime number?
False
Is 104574182 a composite number?
True
Is 25784251 composite?
True
Is 272113481 prime?
False
Is 831161 a prime number?
True
Is 8073911 composite?
False
Is 30639691 composite?
False
Is 80822587 a prime number?
False
Is 85917781 prime?
True
Is 40662751 composite?
False
Is 62905493 prime?
False
Is 58073401 a composite number?
False
Is 136766299 a composite number?
False
Is 171996553 a prime number?
False
Is 25724297 prime?
False
Is 19453765 prime?
False
Is 9354409 composite?
False
Is 4381097 a composite number?
True
Is 2667377 prime?
False
Is 2623483 a composite number?
True
Is 55720061 composite?
False
Is 35127203 a composite number?
True
Is 32341591 prime?
False
Is 43068391 a composite number?
False
Is 130493 a composite number?
True
Is 3286357 prime?
False
Is 34534603 a prime number?
True
Is 2718901 a composite number?
False
Is 456677891 a composite number?
True
Is 7795549 composite?
False
Is 13051391 composite?
False
Is 36106169 a composite number?
True
Is 1127881 a prime number?
True
Is 36903287 prime?
True
Is 1266877 a prime number?
False
Is 144298747 a prime number?
False
Is 62849001 a composite number?
True
Is 3651407 prime?
True
Is 3871481 a composite number?
False
Is 652678777 prime?
True
Is 3012979 composite?
False
Is 91749479 prime?
False
Is 940859 prime?
False
Is 15269669 composite?
True
Is 45871667 a prime number?
False
Is 11401337 a prime number?
False
Is 3598249 prime?
False
Is 381155 composite?
True
Is 40498873 prime?
False
Is 1269017 a composite number?
False
Is 18530311 composite?
False
Is 6074723 composite?
True
Is 135734717 a prime number?
False
Is 112497809 a composite number?
True
Is 6079265 a composite number?
True
Is 54053641 a composite number?
False
Is 126008203 prime?
True
Is 456893131 a composite number?
True
Is 5325907 a composite number?
False
Is 96117807 prime?
False
Is 2682569 composite?
False
Is 254116007 a composite number?
True
Is 25796879 a prime number?
False
Is 246169853 a composite number?
True
Is 1534591 a composite number?
False
Is 5061271 a prime number?
False
Is 8624711 a composite number?
True
Is 406289 prime?
False
Is 962063153 composite?
False
Is 13965073 prime?
False
Is 1839863 prime?
False
Is 39307063 a prime number?
True
Is 90950879 a composite number?
False
Is 365611 composite?
False
Is 611189 composite?
False
Is 2088813 composite?
True
Is 354701 a composite number?
False
Is 91752307 a composite number?
False
Is 55064503 composite?
True
Is 29048407 a prime number?
False
Is 83857231 a prime number?
False
Is 1500181 a composite number?
False
Is 5446201 a prime number?
True
Is 156664921 prime?
False
Is 59674061 a composite number?
False
Is 2625809 prime?
True
Is 8933767 composite?
False
Is 22051427 composite?
True
Is 96467 a composite number?
True
Is 56278379 a prime number?
True
Is 14011013 prime?
True
Is 45987251 composite?
False
Is 19088143 prime?
True
Is 1777619 a prime number?
False
Is 8993143 composite?
False
Is 69781123 a composite number?
False
Is 8768317 a composite number?
False
Is 679513 composite?
True
Is 2424691 a prime number?
True
Is 124812689 prime?
True
Is 19859395 a prime number?
False
Is 78976811 composite?
False
Is 4002343 a composite number?
True
Is 15077779 composite?
True
Is 537533 composite?
True
Is 52059307 a composite number?
False
Is 108796769 a composite number?
True
Is 36796834 prime?
False
Is 411950813 a composite number?
True
Is 20092207 prime?
False
Is 4023469 a prime number?
True
Is 787231 a composite number?
True
Is 1137646 a prime number?
False
Is 1751741 prime?
True
Is 118174003 prime?
True
Is 116991247 composite?
False
Is 26375033 a composite number?
False
Is 3749071 composite?
False
Is 1129758863 a composite number?
False
Is 131489301 a composite number?
True
Is 8604061 a prime number?
False
Is 370681733 a prime number?
True
Is 21449 prime?
False
Is 11466517 a composite number?
True
Is 45108457 prime?
False
Is 242695982 composite?
True
Is 44923345 a prime number?
False
Is 14662443 prime?
False
Is 71862487 composite?
True
Is 11641313 prime?
True
Is 2174057 a prime number?
True
Is 44210807 a composite number?
True
Is 129440219 a prime number?
True
Is 27696149 composite?
True
Is 18491261 a prime number?
False
Is 335478341 a composite number?
True
Is 85400479 composite?
False
Is 9555569 composite?
False
Is 214549649 a prime number?
False
Is 8028953 prime?
False
Is 5860405 composite?
True
Is 16256819 a prime number?
False
Is 164702117 prime?
True
Is 92988689 a prime number?
False
Is 13975945 a composite number?
True
Is 1003903 a composite number?
True
Is 59809 prime?
True
Is 2634689 composite?
False
Is 8144551 prime?
False
Is 5426387 a prime number?
True
Is 45348803 a composite number?
True
Is 25629973 a prime number?
True
Is 34677913 a prime number?
True
Is 73423409 prime?
True
